{"id":30,"date":"2021-08-21T15:59:10","date_gmt":"2021-08-21T19:59:10","guid":{"rendered":"https:\/\/cecas.clemson.edu\/~enrique\/?page_id=30"},"modified":"2022-01-21T07:56:47","modified_gmt":"2022-01-21T12:56:47","slug":"papers","status":"publish","type":"page","link":"https:\/\/cecas.clemson.edu\/~enrique\/papers\/","title":{"rendered":"Publications"},"content":{"rendered":"\n<p><strong>Total of 100 peer-reviewed publications with 2347 citations and h-index of 26 (Google Scholar, <\/strong><a href=\"https:\/\/scholar.google.fr\/citations?hl=en&amp;user=Zy5TYLjEDukC\"><strong>https:\/\/scholar.google.fr\/citations?hl=en&amp;user=Zy5TYLjEDukC<\/strong><\/a><strong>).<\/strong><\/p>\n\n\n\n<p>BOOKS:<\/p>\n\n\n\n<p><em>The Kinetic Monte Carlo Algorithm: Principles and Applications in Materials Science,<\/em> E. Martinez, J. Marian and M. H. Kalos. Pan-Stanford publisher. In preparation.<\/p>\n\n\n\n<p>BOOK CHAPTERS:<\/p>\n\n\n\n<ol class=\"wp-block-list\"><li><em>Accelerated Molecular Dynamics Methods in a Massively Parallel World<\/em>, R. J. Zamora, D. Perez, E. Martinez, B. P. Uberuaga, and A. F. Voter, Handbook of Materials Modeling: Methods: Theory and Modeling, Springer International Publishing, 2018, 1-28.<\/li><li><em>Accelerated Molecular Dynamics Simulations of Shock-induced Chemistry: Application to Liquid Benzene<\/em>, E. Martinez, E. M. Kober and M. J. Cawkwell, Computational Approaches to Understanding Chemical Reactivity under High Pressures, N. Goldman (Ed), Springer Nature, (2018).<\/li><li><em>Kinetic Monte Carlo Algorithms for Nuclear Applications<\/em>, J. P. Balbuena, M. J. Caturla, E. Martinez, Handbook of Materials Modeling: Applications: Current and Emerging Materials, Springer, 2018.<\/li><li><em>DFT-Parametrized Object Kinetic Monte Carlo Simulations of Radiation Damage<\/em>, E. Martinez, M. J. Caturla and J. Marian, Handbook of Materials Modeling: Applications: Current and Emerging Materials, Springer, 2020.<\/li><\/ol>\n\n\n\n<p>PEER-REVIEWED ARTICLES:<\/p>\n\n\n\n<ol class=\"wp-block-list\"><li><em>Thermal gradient effect on helium and self-interstitial transport in tungsten, <\/em>E. Martinez, N. Mathew, D. Perez, S. Blondel, D. Dasgupta, B. D. Wirth, D. Maroudas, J. Appl. Phys. <strong>130<\/strong>, 215904 (2021).<\/li><li><em>The mobility of small, over-pressurized helium bubbles in tungsten at 2000 K<\/em>, Z.J. Bergstrom, D. Perez, E. Mart\u00ednez, Journal of Nuclear Materials <strong>557<\/strong> (2021) 153306.<\/li><li><em>A stochastic solver based on the residence time algorithm for crystal plasticity models<\/em>, Q. Yu, E. Martinez, J. Segurado, Jaime Marian, Computational Mechanics <a href=\"https:\/\/doi.org\/10.1007\/s00466-021-02073-7\">https:\/\/doi.org\/10.1007\/s00466-021-02073-7<\/a>.<\/li><li><em>Non-orthogonal computational grids for studying dislocation motion in phase field approaches<\/em>, X. Peng, A. Hunter, I. J. Beyerlein, R. A. Lebensohn, K. Dayal, E. Martinez, Computational Materials Science <strong>200<\/strong> (2021) 110834<\/li><li><em>Strain Effects on the Diffusion Properties of Near-Surface Self-Interstitial Atoms and Adatoms in Tungsten<\/em>, B. Sun, D. Maroudas, B. D. Wirth and E. Martinez, (2021) Front. Mater. 8:678858. doi: 10.3389\/fmats.2021.678858.<\/li><li><em>Perspectives on multiscale modelling and experiments to accelerate materials development for fusion<\/em>, M.R. Gilbert, K. Arakawa, Z. Bergstrom , M.J. Caturla, S.L. Dudarev, et al., Journal of Nuclear Materials 554 (2021) 153113.<\/li><li><em>Relative relevance of mobility and driving force on edge dislocation climb by the vacancy mechanism<\/em>, E. Martinez, A. Alankar, A. Caro, T. Jourdan, Computational Materials Science 193 (2021) 110378.<\/li><li><em>On the cross-slip of screw dislocations in zirconium<\/em>, Y. Li, S. Chatterjee, E. Martinez, N. Ghoniem, G. Po, Acta Materialia 208 (2021) 116764.<\/li><li><em>Helium implantation damage resistance in nanocrystalline W-Ta-V-Cr high entropy alloys<\/em>, O. El-Atwani, A. Alvarado, K. Unal, S. Fensin, J.A. Hinks, G. Greaves, J.K.S. Baldwin, S.A. Maloy, E. Martinez, Materials Today Energy 19 (2021) 100599.<\/li><li><em>Collision cascade effects near an edge dislocation dipole in alpha-Fe: Induced dislocation mobility and enhanced defect clustering<\/em>, S. Heredia-Avalos, C.D. Denton, J. C. Moreno-Martin, E. Martinez, M.J. Caturla, Journal of Nuclear Materials 543 (2021) 152459.<\/li><li><em>Chemical short-range order in derivative Cr\u2013Ta\u2013Ti\u2013V\u2013W high entropy alloys from the first-principles thermodynamic study<\/em>, D. Sobieraj, J. S. Wr\u00f3bel, T. Rygier, K. J. Kurzyd\u0142owski, O. El Atwani, A. Devaraj, E. Martinez, and D. Nguyen-Manh, Phys. Chem. Chem. Phys., 2020, 22, 23929.<\/li><li><em>A pathway to synthesizing single-crystal Fe and FeCr films<\/em>, B. Derby, J. Cooper, T. Lach, E. Martinez, H. Kim, J. K. Baldwin, D. Kaoumi, D. J. Edwards, D. K. Schreiber, B. P. Uberuaga, N. Li. Surface and Coatings Technology 403 (2020) 126346.<\/li><li><em>Point defect evolution under irradiation: Finite size effects and spatiotemporal correlations<\/em>, E. Martinez, F. Soisson, M. Nastar, Journal of Nuclear Materials 539 (2020) 152233.<\/li><li><em>Prediction of the Al-rich part of the Al-Cu phase diagram using cluster expansion and statistical mechanics<\/em>, S. Liu, E. Mart\u00ednez, J. LLorca, Acta Materialia 195 (2020) 1-10.<\/li><li><em>Reaction rates in shocked nitromethane from density functional tight binding simulations<\/em>, R. Perriot, M. J. Cawkwell, E. Mart\u00ednez, S. McGrane and, J. Phys. Chem. A https:\/\/dx.doi.org\/10.1021\/acs.jpca.9b11897.<\/li><li><em>Temperature threshold for preferential bubble formation on grain boundaries in tungsten under in situ helium irradiation<\/em>, O. El-Atwani, W. S. Cunningham, D. Perez, E. Martinez, J. R. Trelewicz, M. Li, S. A. Maloy, Scripta Materialia, <strong>180<\/strong> (2020) 6-10.<\/li><li><em>Atomistic simulations of helium, hydrogen, and self-interstitial diffusion inside dislocation cores in tungsten<\/em>, N. Mathew, D. Perez, E. Martinez, Nuclear Fusion <strong>60<\/strong> (2020) 026013.<\/li><li><em>Coherent phase decomposition in the Pd-H system<\/em>, R. B. Schwarz, A. K. Khachaturyan, A. Caro, M. I. Baskes, and E. Martinez, Journal of Materials Science, 2020, DOI 10.1007\/s10853-019-04179-z.<\/li><li><em>Influence of the stress state on the cross-slip free energy in Al: An atomistic investication<\/em>, G. Esteban-Manzanares, R. Santos-G\u00fcemes, I. Papadimitriou, E. Mart\u00ednez, J. LLorca, Acta Materialia <strong>184<\/strong> (2020) 109-119.<\/li><li><em>Unprecedented irradiation resistance of nanocrystalline tungsten with equiaxed nanocrystalline grains to dislocation loop accumulation.<\/em> O. El-Atwani, E. Esquivel, E. Aydogan, E. Martinez, J. K. Baldwin, M. Li, B. P. Uberuaga, and S. A. Maloy, Acta Materialia <strong>165<\/strong>, (2019) 118-128.<\/li><li><em>Radiation-induced segregation in W-Re: from kinetic Monte Carlo simulations to atom probe tomography experiments<\/em>, M. J. Lloyd, R. G. Abernethy, D.E.J. Armstrong, P.A.J. Bagot, M.P. Moody, E. Martinez, and D. Nguyen-Manh, Eur. Phys. J. B (2019) <strong>92<\/strong>: 241.<\/li><li><em>Parallel replica dynamics simulations of reactions in shock compressed liquid benzene<\/em>, E. Mart\u00ednez, R. Perriot, E. M. Kober, P. Bowlan, M. Powell, S. McGrane and M. J. Cawkwell, J. Chem. Phys. <strong>150<\/strong>, 244108 (2019).<\/li><li><em>Strengthening of Al-Cu alloys by Guinier-Preston zones: predictions from atomistic simulations<\/em>, G. Esteban-Manzanares, B. Bell\u00f3n, E. Martinez, I. Papadimitriou, and J. Llorca, Journal of the Mechanics and Physics of Solids <strong>132<\/strong> (2019) 103675.<\/li><li><em>\u03b1\u2032 formation kinetics and radiation induced segregation in neutron irradiated 14YWT nanostructured ferritic alloys<\/em>, E. Aydogan, E. Martinez, K. March, O. El-Atwani, D. L. Krumwiede, P. Hosemann, T. Saleh and S. A. Maloy, Scientific Reports (2019) 9:8345.<\/li><li><em>Solid-Liquid metal interface definition studies using capillary fluctuation method, <\/em>N. T. Brown, E. Martinez, J. Qu, Computational Materials Science <strong>168<\/strong> (2019) 65-73.<\/li><li><em>Basal dislocation\/precipitate interactions in Mg-Al alloys: an atomistic investigation, <\/em>G. Esteban-Manzanares, A. Ma, I. Papadimitriou, E. Martinez, J. Llorca, Modelling Simul. Mater. Sci. Eng. <strong>27<\/strong> (2019) 075003.<\/li><li><em>Probing ultrafast shock-induced chemistry in liquids using broad-band mid-infrared absorption spectroscopy<\/em>, P. Bowlan, M. Powell, R. Perriot, E. Mart\u00ednez, E. M. Kober, M. J. Cawkwell and S. McGrane, J. Chem. Phys. <strong>150<\/strong>, 204503 (2019)<\/li><li><em>Dissociated vacancies and screw dislocations in MgO and UO<\/em><sub><em>2<\/em><\/sub><em>: atomistic modeling and linear elasticity analysis, <\/em>X-Y. Liu, E. Martinez, B. P. Uberuaga, Sci. Rep. (2019) 9:6499.<\/li><li><em>Solute precipitation on a screw dislocation and its effects on dislocation mobility in bcc Fe, <\/em>M. I. Pascuet, G. Monnet, G. Bonny, E. Martinez, J. J. H. Lim, M. G. Burke, and L. Malerba, Journal of Nuclear Materials <strong>519<\/strong> (2019) 265-273.<\/li><li><em>Outstanding Radiation Resistance of Tungsten-based High Entropy Alloys, <\/em>O. El-Atwani, N. Li, M. Li, A. Devaraj, J. K. S. Baldwin,<sup> <\/sup>M. M. Schneider, D. Sobieraj, J. S. Wrobel, D. D. Nguyen-Manh, S. A. Maloy, and E. Martinez, Science Advances 2019; <strong>5<\/strong>: eaav2002.<\/li><li><em>An atomistic investigation of the interaction of dislocations with Guinier-Preston zones in Al-Cu alloys<\/em>, G. Esteban-Manzanares, E. Martinez, J. Segurado, L. Capolungo, J. LLorca, Acta Materialia <strong>162<\/strong> (2019) 189-201.<\/li><li><em>Loop and void damage during heavy ion irradiation on nanocrystalline and coarse grained tungsten: microstructure, effect of dpa rate, temperature, and grain size<\/em>, O. El-Atwani, E. Esquivel,<sup> <\/sup>M. Efe, E. Aydogan, Y. Wang, E. Martinez, S.A. Maloy, Acta Materialia <strong>149<\/strong> (2018) 206-219.<\/li><li><em>Does sink efficiency unequivocally characterize how grain boundaries impact radiation damage?<\/em> O. El-Atwani, E. Martinez, E. Esquivel, M. Efe, C. Taylor, Y. Q. Wang, B. P. Uberuaga, and S. A. Maloy, Physical Review Materials <strong>2<\/strong>, 113604 (2018).<\/li><li><em>Influence of chemistry and misfit dislocation structure on dopant segregation at complex oxide heterointerfaces, <\/em>P. P. Dholabhai, E. Martinez, B. P. Uberuaga, Advanced theory and simulation, 2018, 1800095.<\/li><li><em>Atomistic analysis of the {10-12} twin stability and growth in \u03b1-Ti<\/em>, E. Martinez, L. Capolungo and C. N. Tom\u00e9, Physical Review Materials <strong>2<\/strong> (2018) 083603.<\/li><li><em>How relative defect migration energies drive contrasting temperature-dependent microstructural evolution in irradiated ceramics<\/em>, A. Debelle, J. P. Crocombette, A. Boulle, E. Martinez, B. P. Uberuaga, D. Bachiller-Perea, Y. Haddad, F. Garrido, L. Thom\u00e9, and M. B\u00e9har, Physical Review Materials <strong>2<\/strong> (2018) 083605.<\/li><li><em>Role of Sink Density in Nonequilibrium Chemical Redistribution in Alloys<\/em>, E. Martinez, O. Senninger, A. Caro, F. Soisson, M. Nastar and B. P. Uberuaga, Physical Review Letters <strong>120<\/strong> (2018) 106101.<\/li><li><em>Structure and Mobility of Dissociated Vacancies at Twist Grain Boundaries and Screw Dislocations in Ionic Rocksalt Compounds, <\/em>K. Kolluri, E. Martinez, B. P. Uberuaga, Chemistry of Materials <strong>30<\/strong> (2018) 1980-1988.<\/li><li><em>Advanced atomistic algorithms in materials science<\/em>, E. Martinez, D. Perez, V. Gavini, S. Kenny, J. Mat. Res. <strong>33<\/strong> (2018) 773-776.<\/li><li><em>Multiscale modeling of radiation-induced segregation in iron-based alloys<\/em>, L. Thuinet, M. Nastar, E. Martinez, G. F. Bouobda Moladje, A. Legris and F. Soisson, Computational Materials Science <strong>149<\/strong> (2018) 324-335.<\/li><li><em>Discovering mechanisms relevant for radiation damage evolution<\/em>, B. P. Uberuaga, E. Martinez, D. Perez and A. F. Voter, Computational Materials Science <strong>147<\/strong> (2018) 282-292.<\/li><li><em>Solute effects on edge dislocation pinning in complex alpha-Fe alloys<\/em>, M. I. Pascuet, E. Martinez, G. Monnet and L. Malerba, Journal of Nuclear Materials <strong>494<\/strong> (2017) 311-321.<\/li><li><em>On the mobility of carriers at semi-coherent oxide heterointerfaces<\/em>, P. P. Dholabhai, E. Martinez, N. T. Brown and B. P. Uberuaga, Phys. Chem. Chem. Phys. <strong>19<\/strong> (2017) 23122.<\/li><li><em>Atomistic modeling of helium segregation to grain boundaries in tungsten and its effect on de-cohesion, <\/em>E. Martinez, B. P. Uberuaga, B. D. Wirth, Nuclear Fusion <strong>57<\/strong> (2017) 086044.<\/li><li><em>Nodal analysis of the dislocation vibration and reaction attempt frequency, <\/em>C. Sobie, L. Capolungo, D. L. McDowell and E. Martinez, Acta Materialia <strong>134<\/strong> (2017) 203-210.<\/li><li><em>Scale transition using dislocation dynamics and the nudged elastic band method, <\/em>C. Sobie, L. Capolungo, D. L. McDowell and E. Martinez, Journal of the Mechanics and Physics of Solids <strong>105 <\/strong>(2017) 161-178.<\/li><li><em>Thermal activation of dislocations in large scale obstacle bypass, <\/em>C. Sobie, L. Capolungo, D. L. McDowell and E. Martinez, Journal of the Mechanics and Physics of Solids <strong>105 <\/strong>(2017) 150-160.<\/li><li><em>Interfacial free energy stiffness of aluminum during rapid solidification, <\/em>N. T. Brown, J. Qu and E. Martinez, Acta Materialia <strong>129 <\/strong>(2017) 83-90.<\/li><li><em>Modeling Material Interfaces with Hybrid Adhesion Method, <\/em>N. T. Brown, J. Qu and E. Martinez, Computational Materials Science <strong>130 <\/strong>(2017) 204-213.<\/li><li><em>Effect of Li on the deformation mechanisms of nanocrystalline hexagonal close packed magnesium<\/em>, S. Karewar, N. Gupta, S. Groh, E. Martinez, A. Caro and S. G. Srinivasan, Computational Materials Science <strong>126 <\/strong>(2017) 252-264.<\/li><li><em>Atomistic modeling of the reordering process of \uf067\u2019 disordered particles in Ni-Al alloys<\/em>, E. Martinez, F. Soisson, A. Caro and B. P. Uberuaga, Journal of Nuclear Materials <strong>478 <\/strong>(2016) 207-214.<\/li><li><em>Synchronous parallel spatially resolved stochastic cluster dynamics<\/em>, A. Dunn, R. Dingreville, E. Martinez and L. Capolungo, Computational Materials Science <strong>120<\/strong> (2016) 43-52.<\/li><li><em>Atomic-scale studies of defect interactions with homo- and hetero-phase interfaces<\/em>, E. Martinez, B. P. Uberuaga and I. J. Beyerlein, JOM, 11 April 2016.<\/li><li><em>Identification of dominant damage accumulation processes at grain boundaries during irradiation in nanocrystalline \uf061-Fe: a statistical study<\/em>, A. Y. Dunn, R. Dingreville, E. Martinez, and L. Capolungo, Acta Materialia <strong>110<\/strong> (2016) 306-323.<\/li><li><em>Analytical model of the effect of misfit dislocation character on the bubble-to-void transition in metals<\/em>, E. Martinez, D. Schwen, J. Hetherly and A. Caro, Journal of Nuclear Materials <strong>469 <\/strong>(2016) 106-111<\/li><li><em>Modeling radiation induced segregation in iron-chromium alloys<\/em>, O. Senninger, F. Soisson, E. Mart\u00ednez, M. Nastar, C-C. Fu and Y. Brechet. Acta Materialia <strong>103 <\/strong>(2016) 1-11.<\/li><li><em>Interaction of small mobile stacking fault tetrahedra with free surfaces, dislocations, and interfaces in Cu and Cu-Nb<\/em>, E. Martinez, B. P. Uberuaga and I. J. Beyerlein, Physical Review B <strong>93<\/strong> (2016) 054105<\/li><li><em>Thermostating extended Lagrangian Born-Oppenheimer molecular dynamics<\/em>, E. Martinez, M. J. Cawkwell, A. F. Voter, A. M. N. Niklasson, Journal of Chemical Physics 142 (2015) 154120.<\/li><li><em>Thermally-induced interdiffusion and precipitation in a Ni\/Ni<\/em><sub><em>3<\/em><\/sub><em>Al system,<\/em> C. Sun, E. Mart\u00ednez,<sup> <\/sup>J. A. Aguiar, A. Caro, J. A. Valdez, K. Baldwin, O. Anderoglu, Y. Xu, B. P. Uberuaga, S. A. Maloy, Materials Research Letters 3 (2015) 169-176.<\/li><li><em>The relationship between grain boundary structure, defect mobility, and grain boundary sink efficiency<\/em>, B. P. Uberuaga, L. J. Vernon, E. Martinez and A. F. Voter. Scientific Reports 5, DOI: 10.1038\/srep09095 (2015).<\/li><li><em>The capillarity equation at the nanoscale: gas bubbles in metals<\/em>, D. Schwen, E. Martinez and A. Caro. Acta Materialia 89 (2015) 14-21.<\/li><li><em>Helium Segregation to Screw and Edge Dislocations in \uf061-Iron and their Yield Strength, <\/em>E. Martinez, D. Schwen and A. Caro. Acta Materialia 84 (2015) 208-214<em>.<\/em><\/li><li><em>Mobility and coalescence of small stacking fault tetrahedra in Cu, <\/em>E. Martinez and B. P. Uberuaga, Scientific Reports 5 DOI: 10.1038\/srep09084, (2015)<em>.<\/em><\/li><li><em>Screw Dislocation Constrictions in Face-Centered Cubic Crystals, <\/em>E. Martinez and J. P. Hirth, Physical Review B <strong>90<\/strong> (2014) 064102.<\/li><li><em>Atomistic modeling of defect-induced plasticity in CuNb nanocomposites<\/em>, E. Martinez, A. Caro and I. J. Beyerlein, Physical Review B 90 (2014) 054103.<\/li><li><em>Sublattice parallel replica dynamics, <\/em>E. Martinez, B. P. Uberuaga and A. F. Voter, Physical Review E <strong>89<\/strong> (2014) 063308.<\/li><li><em>Radiation induced effects on mechanical properties of nanoporous gold foams<\/em>, M. Caro, W. M. Mook, E. G. Fu, Y. Q. Wang, C. Sheehan, E. Martinez, J. K. Baldwin and A. Caro, Applied Physics Letters <strong>104<\/strong>, 233109 (2014)<\/li><li><em>Atomic simulations of decomposition kinetics in Fe-Cr alloys: influence of the magnetism,<\/em> O. Senninger,E. Mart\u00ednez, F. Soisson, M. Nastar and Y. Brechet. Acta Materialia <strong>73 <\/strong>(2014) 97-106.<\/li><li><em>Structure of nanoscale gas bubbles in metals, <\/em>A. Caro, D Schwen and E. Martinez. Applied Physics Letters <strong>103<\/strong>, 213113 (2013).<\/li><li><em>Spatially resolved stochastic cluster dynamics for radiation damage evolution in nanostructured metals, <\/em>A. Y. Dunn, L. Capolungo, E. Martinez, and M. Cherkaoui. Journal of Nuclear Materials <strong>443<\/strong> (2013) 128-139.<\/li><li><em>Defect distributions and transport in nanocomposites: A theoretical perspective, <\/em>B. P. Uberuaga, E. Martinez, Z. Bi, M. Zhuo, Q. Jia, M. Nastasi, A. Misra and A. Caro. Materials Research Letters DOI: 10.1080\/21663831.2013.805442.<\/li><li><em>On the analytic calculation of critical size for alpha prime precipitation in FeCr, <\/em>D Schwen, E. Martinez and A. Caro. Journal of Nuclear Materials <strong>439<\/strong> (2013) 180-184.<\/li><li><em>Plasticity at interfaces with Helium: Computer simulations of shear deformation of twist boundaries with He in \uf061-Fe<\/em>, N. Naveen Kumar, E. Martinez, B. K. Dutta, A. Caro, G. K. Dey. Physical Review B <strong>87<\/strong> (2013) 054106.<\/li><li><em>Helium bubble formation and retention in Cu-Nb nanocomposites<\/em>, A.Y. Dunn, M.G. McPhie, L. Capolungo, E. Martinez, M. Cherkaoui. Journal of Nuclear Materials <strong>435<\/strong> (2013) 141-152.<\/li><li><em>Liquid phase thermodynamics and structures in the Cu-Nb binary system<\/em>, L. Zhang, E. Martinez, A. Caro, X-Y. Liu, M. J. Demkowicz, Modeling and Simulation in Materials Science and Engineering <strong>21<\/strong> (2013) 025005.<\/li><li><em>Decomposition kinetics of Fe-Cr solid solutions during thermal ageing, <\/em>E. Mart\u00ednez, O. Senninger, C-C. Fu, F. Soisson, Physical Review B <strong>86<\/strong> (2012) 224109.<\/li><li><em>Atomistic modeling of long-term evolution of twist boundaries under vacancy supersaturation, <\/em>E. Mart\u00ednez and A. Caro, Physical Review B <strong>86<\/strong> (2012) 214109.<\/li><li><em>Structure of a 2\u00ba (010) Cu Twist Boundary Interface and the Segregation of Vacancies and He Atoms, <\/em>E. Mart\u00ednez, J. P. Hirth, M. Nastasi and A. Caro, Physical Review B <strong>85 <\/strong>(2012) 060101(R).<\/li><li><em>A scalable parallel Monte Carlo algorithm for atomistic simulations of precipitation in alloys, <\/em>B. Sadigh, P. Erhart, A. Stukowsky, A. Caro, E. Mart\u00ednez, L. Zepeda-Ruiz, Physical Review B <strong>85 <\/strong>(2012) 184203.<\/li><li><em>Iron-chromium alloys and surfaces: from ab initio calculations to segregation isotherms<\/em>,M. Levesque, E. Mart\u00ednez, C-C. Fu, M. Nastar, F. Soisson, Revue de Metallurgie <strong>108<\/strong> (2011) 21-25.<\/li><li><em>Simple concentration-dependent pair interaction model for large-scale simulations of Fe-Cr alloys, <\/em>M. Levesque, E. Mart\u00ednez, C-C. Fu, M. Nastar, F. Soisson, Physical Review B <strong>84 <\/strong>(2011)184205.<\/li><li><em>Helium bubble precipitation at dislocation networks, <\/em>J. Hetherly, E. Mart\u00ednez, Z.F. Di, M. Nastasi and A. Caro, Scripta Materialia <strong>66<\/strong> (2011) 17-20.<\/li><li><em>Helium bubble growth at the bcc Twist grain boundaries, <\/em>J. Hetherly, E. Mart\u00ednez, M. Nastasi and A. Caro, Journal of Nuclear Materials <strong>419<\/strong> (2011) 201-207.<\/li><li><em>Properties of Helium bubbles in Fe and FeCr alloys, <\/em>A. Caro, J. Hetherly, A. Stukowsky, M. Caro, E. Mart\u00ednez, S. Srivilliputhur, L. Zepeda-Ruiz, M. Nastasi, Journal of Nuclear Materials <strong>418<\/strong> (2011) 261-268.<\/li><li><em>Effect of Cr in He-vacancy clustering in dilute FeCr alloys from first principles, <\/em>E. Mart\u00ednez and C-C. Fu, Physical Review B <strong>84 <\/strong>(2011) 014203.<\/li><li><em>Simulations of decomposition kinetics of Fe-Cr solid solutions during thermal aging, <\/em>E. Martinez, C-C. Fu, M. Levesque, M. Nastar, F. Soisson, Solid State Phenomena <strong>172-174<\/strong> (2011) 1016-1021.<\/li><li><em>Billion-atom Synchronous Parallel kinetic Monte Carlo Simulations of Critical 3D Ising Systems, <\/em>E. Martinez, P. R. Monasterio, J. Marian, Journal of Computational Physics <strong>230 <\/strong>(2011) 1359-1369.<\/li><li><em>Influence of self-interstitial mobility on the He-vacancy cluster nucleation and growth<\/em>, B. G\u00e1mez, L. G\u00e1mez, M. J. Caturla, E. Mart\u00ednez, E. del Rio, J. M. Perlado, Fusion Science and Technology <strong>56<\/strong> (2009) 314-317.<\/li><li><em>Micro\/meso-scale computacional study of dislocation-stacking-fault tetrahedron interactions in copper<\/em>, J. Marian, E. Martinez, H-J. Lee, B. Wirth, Journal of Materials Research <strong>24<\/strong> (2009) 3628-3635.<\/li><li><em>Synchronous parallel kinetic Monte Carlo for continuum diffusion-reaction systems<\/em>, E. Mart\u00ednez, J. Marian, M. H. Kalos, Jos\u00e9 Manuel Perlado, Journal of Computational Physics <strong>227<\/strong> (2008) 3804-3823.<\/li><li><em>Atomistically informed dislocation dynamics in fcc crystals<\/em>, E. Mart\u00ednez, J. Marian, A. Arsenlis, M. Victoria, J. M. Perlado, Journal of the Mechanics and Physics of Solids <strong>56<\/strong> (2008) 869-895.<\/li><li><em>Dislocation dynamics study of the strength of stacking fault tetrahedra. Part I: Interactions with screw dislocations<\/em>, E. Mart\u00ednez, J. Marian, A. Arsenlis, M. Victoria, J. M. Perlado, Philosophical Magazine <strong>88<\/strong> (2008) 809-840.<\/li><li><em>A dislocation dynamics study of the strength of stacking fault tetrahedra. Part II: interactions with mixed and edge dislocations<\/em>, E. Mart\u00ednez, J. Marian, J. M. Perlado, Philosophical Magazine <strong>88<\/strong> (2008) 841-863.<\/li><li><em>Kinetic Monte Carlo modelling of neutron irradiation damage in iron<\/em>, L. Gamez et al. Fusion Engineering and Design <strong>82<\/strong> (2007) 2666-2670.<\/li><li><em>Radiation damage in metals, and amorphous silica in inertial fusion reactors: Modeling and experiments<\/em>, J.M. Perlado et al. Journal de Physique IV <strong>133<\/strong> (2006) 805-809.<\/li><li>Activation and Damage of Fusion Materials and Tritium effects in Inertial Fusion Reactors: strategy for adequate irradiation, J.M. Perlado et al., Laser and Particle Beam <strong>23<\/strong> (2005) 345-349.<\/li><\/ol>\n","protected":false},"excerpt":{"rendered":"<p>Total of 100 peer-reviewed publications with 2347 citations and h-index of 26 (Google Scholar, https:\/\/scholar.google.fr\/citations?hl=en&amp;user=Zy5TYLjEDukC). BOOKS: The Kinetic Monte Carlo Algorithm: Principles and Applications in Materials Science, E. Martinez, J. Marian and M. H. Kalos. Pan-Stanford publisher. In preparation. BOOK CHAPTERS: Accelerated Molecular Dynamics Methods in a Massively Parallel World, R. J. Zamora, D. Perez, &hellip; <a href=\"https:\/\/cecas.clemson.edu\/~enrique\/papers\/\" class=\"more-link\">Continue reading <span class=\"screen-reader-text\">Publications<\/span> <span class=\"meta-nav\">&rarr;<\/span><\/a><\/p>\n","protected":false},"author":5,"featured_media":0,"parent":0,"menu_order":0,"comment_status":"closed","ping_status":"closed","template":"","meta":{"footnotes":""},"class_list":["post-30","page","type-page","status-publish","hentry"],"_links":{"self":[{"href":"https:\/\/cecas.clemson.edu\/~enrique\/wp-json\/wp\/v2\/pages\/30","targetHints":{"allow":["GET"]}}],"collection":[{"href":"https:\/\/cecas.clemson.edu\/~enrique\/wp-json\/wp\/v2\/pages"}],"about":[{"href":"https:\/\/cecas.clemson.edu\/~enrique\/wp-json\/wp\/v2\/types\/page"}],"author":[{"embeddable":true,"href":"https:\/\/cecas.clemson.edu\/~enrique\/wp-json\/wp\/v2\/users\/5"}],"replies":[{"embeddable":true,"href":"https:\/\/cecas.clemson.edu\/~enrique\/wp-json\/wp\/v2\/comments?post=30"}],"version-history":[{"count":4,"href":"https:\/\/cecas.clemson.edu\/~enrique\/wp-json\/wp\/v2\/pages\/30\/revisions"}],"predecessor-version":[{"id":72,"href":"https:\/\/cecas.clemson.edu\/~enrique\/wp-json\/wp\/v2\/pages\/30\/revisions\/72"}],"wp:attachment":[{"href":"https:\/\/cecas.clemson.edu\/~enrique\/wp-json\/wp\/v2\/media?parent=30"}],"curies":[{"name":"wp","href":"https:\/\/api.w.org\/{rel}","templated":true}]}}